{"id":2305,"date":"2018-12-07T11:28:14","date_gmt":"2018-12-07T13:28:14","guid":{"rendered":"http:\/\/www.encontragoiania.com.br\/sobre\/?page_id=2305"},"modified":"2018-12-12T21:55:11","modified_gmt":"2018-12-12T23:55:11","slug":"vale-transporte-goiania","status":"publish","type":"page","link":"https:\/\/www.encontragoiania.com.br\/sobre\/vale-transporte-goiania\/","title":{"rendered":"Vale Transporte Goi\u00e2nia"},"content":{"rendered":"<div class=\"196752fdcd61442359b13893514e4d90\" data-index=\"1\" style=\"float: none; margin:0px;\">\n<!-- Anuncio display - global -->\r\n<ins class=\"adsbygoogle\"\r\n     style=\"display:block\"\r\n     data-ad-client=\"ca-pub-8585364105181520\"\r\n     data-ad-slot=\"8789329856\"\r\n     data-ad-format=\"auto\"\r\n     data-full-width-responsive=\"true\"><\/ins>\r\n<script>\r\n     (adsbygoogle = window.adsbygoogle || []).push({});\r\n<\/script>\n<\/div>\n<p>O <strong>Vale Transporte de Goi\u00e2nia<\/strong> \u00e9 o\u00a0\u00a0Sitpass\u00a0F\u00e1cil. O novo modelo de Vale Transporte, mais pr\u00e1tico e moderno, ir\u00e1 substituir o bilhete\u00a0Sitpass.<\/p>\n<p>Uma forma simples e segura de adquirir o vale transporte para seus colaboradores.<\/p>\n<p><img loading=\"lazy\" decoding=\"async\" class=\"alignnone wp-image-2306 size-full\" title=\"Vale Transporte Goi\u00e2nia\" src=\"http:\/\/www.encontragoiania.com.br\/sobre\/wp-content\/uploads\/2018\/12\/vale-transporte-goiania.gif\" alt=\"Vale Transporte Goi\u00e2nia\" width=\"680\" height=\"189\" \/><\/p>\n<h2>Vale Transporte\u00a0Goi\u00e2nia tipos de cart\u00f5es<\/h2>\n<p>O<strong> cart\u00e3o<\/strong> Sitpass \u00e9 inteligente com chip, identificado com nome, foto e documento do seu titular. \u00c9 de uso pessoal e intransfer\u00edvel, s\u00e3o de seis tipo:<\/p>\n<ul>\n<li><strong>Sitpass F\u00e1cil:<\/strong> Existe dois tipos desse cart\u00e3o: empresa e usu\u00e1rio.<\/li>\n<li><strong>Sitpass Integra\u00e7\u00e3o:<\/strong> O cart\u00e3o permite trocar de \u00f4nibus fora do terminal sem precisar pagar duas passagens.<\/li>\n<li><strong>Passe Livre Estudantil:<\/strong>\u00a0O programa assegura ao estudante duas viagens gratuitas via transporte coletivo, por dia, para ir e voltar da institui\u00e7\u00e3o de ensino. O estudante poder\u00e1 ser contemplado com at\u00e9 48 viagens mensais, que ser\u00e3o fornecidas de acordo com os dias letivos de cada institui\u00e7\u00e3o de ensino.<\/li>\n<li><strong>Sitpass Crian\u00e7a:<\/strong> O Sitpass Crian\u00e7a \u00e9 o beneficio para os estudantes de 5 a 12 anos INCOMPLETOS poderem ir e voltar da escola. O Sitpass Crian\u00e7a \u00e9 concedido para os alunos da rede municipal, estadual e conveniadas\u00a0e, \u00e9 v\u00e1lido nas linhas e hor\u00e1rios escolares para estudantes do ensino fundamental da rede p\u00fablica de ensino e conveniadas.<\/li>\n<li><strong>Cart\u00e3o Metrobus<\/strong><\/li>\n<li><strong>Sitpass Eventual<\/strong><\/li>\n<\/ul>\n<h3>Vale Transporte\u00a0Goi\u00e2nia Saldo<\/h3>\n<p>Voc\u00ea pode consultar o<em> saldo <\/em>do seu cart\u00e3o pelo site abaixo. Fa\u00e7a seu cadastro no site e aproveite os atendimentos on Line dispon\u00edveis.<\/p>\n<h3>Vale Transporte Estudante<\/h3>\n<p>Para adquirir o cart\u00e3o <em>estudante<\/em> primeiramente fa\u00e7a o cadastro da escola no site abaixo e ap\u00f3s finalizar, imprima a Ficha de Cadastro, providencie as assinaturas dos representantes legais, Diretor(a) e Secret\u00e1rio(a), com firmas reconhecidas em Cart\u00f3rio e entregue no SETRANSP junto com os seguintes documentos:<\/p>\n<ul>\n<li>C\u00f3pia autenticada do ato oficial de reconhecimento da INSTITUI\u00c7\u00c3O DE ENSINO (resolu\u00e7\u00e3o, portaria ou decreto);<\/li>\n<li>C\u00f3pia da autoriza\u00e7\u00e3o de curso de Educa\u00e7\u00e3o Superior quando for o caso;<\/li>\n<li>C\u00f3pia do Contrato Social Consolidado e Certid\u00e3o Simplificada da JUCEG, no caso de estabelecimentos de ensino da rede particular;<\/li>\n<li>Comprovante de inscri\u00e7\u00e3o e regularidade do CNPJ\/MF;<\/li>\n<li>C\u00f3pia dos atos de designa\u00e7\u00e3o do(a) Diretor(a) e Secret\u00e1rio(a);<\/li>\n<li>C\u00f3pia de conv\u00eanio firmado junto ao Estado ou Munic\u00edpio, quando for o caso;<\/li>\n<li>C\u00f3pia recente do comprovante de endere\u00e7o.<\/li>\n<\/ul>\n<h3>Vale Transporte\u00a0Comprar<\/h3>\n<p>Voc\u00ea pode <em>comprar<\/em> os cr\u00e9ditos do vale transporte pela web no site descrito abaixo\u00a0e nos terminais de \u00f4nibus.<\/p>\n<h3>Hor\u00e1rio de Funcionamento Vale Transporte em Goi\u00e2nia<\/h3>\n<ul>\n<li>Segunda a Sexta das 08h \u00e0s 17h<\/li>\n<\/ul>\n<h3>Endere\u00e7o e Telefone Vale Transporte em Goi\u00e2nia<\/h3>\n<ul>\n<li>Rua 4, 515 &#8211; 7\/8 &#8211; St. Central &#8211; Goi\u00e2nia &#8211; GO<\/li>\n<li>Telefone: 0800 648 2222<\/li>\n<\/ul>\n<h4>Outras informa\u00e7\u00f5es e site<\/h4>\n<ul>\n<li>Mais informa\u00e7\u00f5es:\u00a0<a href=\"http:\/\/www.sitpass.com.br\/site\/home\" target=\"_blank\" rel=\"noopener noreferrer\">www.sitpass.com.br<\/a><\/li>\n<\/ul>\n<h4>Mapa de localiza\u00e7\u00e3o<\/h4>\n<a class=\"wp-colorbox-iframe\" href=\"https:\/\/www.google.com\/maps\/embed?pb=!1m14!1m8!1m3!1d15288.256352773826!2d-49.2570458!3d-16.6736761!3m2!1i1024!2i768!4f13.1!3m3!1m2!1s0x00xca926d2dd7b1f015!2sLoja+Sitpass!5e0!3m2!1spt-BR!2sbr!4v1544189133115\"><img decoding=\"async\" src=\"http:\/\/www.encontragoiania.com.br\/imgs\/maps-post.png\"><\/a>\n\n<div style=\"font-size: 0px; height: 0px; line-height: 0px; margin: 0; padding: 0; clear: both;\"><\/div>","protected":false},"excerpt":{"rendered":"<p>O Vale Transporte de Goi\u00e2nia \u00e9 o\u00a0\u00a0Sitpass\u00a0F\u00e1cil. O novo modelo de Vale Transporte, mais pr\u00e1tico e moderno, ir\u00e1 substituir o bilhete\u00a0Sitpass. Uma forma simples e segura de adquirir o vale transporte para seus colaboradores. Vale Transporte\u00a0Goi\u00e2nia tipos de cart\u00f5es O cart\u00e3o Sitpass \u00e9 inteligente com chip, identificado com nome, foto e documento do seu titular. \u00c9 de uso pessoal e intransfer\u00edvel, s\u00e3o de seis tipo: Sitpass F\u00e1cil: Existe dois tipos desse cart\u00e3o: empresa e usu\u00e1rio. Sitpass Integra\u00e7\u00e3o: O cart\u00e3o permite trocar de \u00f4nibus fora do terminal sem precisar pagar duas passagens. Passe Livre Estudantil:\u00a0O programa assegura ao estudante duas viagens <\/p>\n","protected":false},"author":1,"featured_media":0,"parent":0,"menu_order":0,"comment_status":"closed","ping_status":"closed","template":"","meta":{"footnotes":""},"class_list":["post-2305","page","type-page","status-publish","hentry"],"aioseo_notices":[],"_links":{"self":[{"href":"https:\/\/www.encontragoiania.com.br\/sobre\/wp-json\/wp\/v2\/pages\/2305","targetHints":{"allow":["GET"]}}],"collection":[{"href":"https:\/\/www.encontragoiania.com.br\/sobre\/wp-json\/wp\/v2\/pages"}],"about":[{"href":"https:\/\/www.encontragoiania.com.br\/sobre\/wp-json\/wp\/v2\/types\/page"}],"author":[{"embeddable":true,"href":"https:\/\/www.encontragoiania.com.br\/sobre\/wp-json\/wp\/v2\/users\/1"}],"replies":[{"embeddable":true,"href":"https:\/\/www.encontragoiania.com.br\/sobre\/wp-json\/wp\/v2\/comments?post=2305"}],"version-history":[{"count":0,"href":"https:\/\/www.encontragoiania.com.br\/sobre\/wp-json\/wp\/v2\/pages\/2305\/revisions"}],"wp:attachment":[{"href":"https:\/\/www.encontragoiania.com.br\/sobre\/wp-json\/wp\/v2\/media?parent=2305"}],"curies":[{"name":"wp","href":"https:\/\/api.w.org\/{rel}","templated":true}]}}