{"id":1700,"date":"2018-08-04T11:19:40","date_gmt":"2018-08-04T14:19:40","guid":{"rendered":"http:\/\/www.encontragoiania.com.br\/sobre\/?page_id=1700"},"modified":"2018-08-04T11:20:23","modified_gmt":"2018-08-04T14:20:23","slug":"shopping-mega-moda-goiania","status":"publish","type":"page","link":"https:\/\/www.encontragoiania.com.br\/sobre\/shopping-mega-moda-goiania\/","title":{"rendered":"Shopping Mega Moda Goi\u00e2nia"},"content":{"rendered":"<div class=\"196752fdcd61442359b13893514e4d90\" data-index=\"1\" style=\"float: none; margin:0px;\">\n<!-- Anuncio display - global -->\r\n<ins class=\"adsbygoogle\"\r\n     style=\"display:block\"\r\n     data-ad-client=\"ca-pub-8585364105181520\"\r\n     data-ad-slot=\"8789329856\"\r\n     data-ad-format=\"auto\"\r\n     data-full-width-responsive=\"true\"><\/ins>\r\n<script>\r\n     (adsbygoogle = window.adsbygoogle || []).push({});\r\n<\/script>\n<\/div>\n<p>Fundado em 2011, o <strong>Mega Moda Goi\u00e2nia<\/strong> se tornou em pouco tempo, o maior shopping atacadista de moda do pa\u00eds, recebendo em m\u00e9dia 600 mil pessoas por m\u00eas de todas as regi\u00f5es do Brasil e inclusive, pa\u00edses vizinhos.\u00a0Com 24.000m\u00b2, 1.300 lojas, conforto, climatiza\u00e7\u00e3o, pra\u00e7as de alimenta\u00e7\u00e3o, acessibilidade total, estacionamento exclusivo para 60 \u00f4nibus, estacionamento para carros com 700 vagas, ambiente para motoristas, seguran\u00e7a e limpeza especializados, banheiros espa\u00e7osos, elevadores, esteira rolante, internet Wi-Fi, pra\u00e7a para eventos, ambulat\u00f3rio, o empreendimento se tornou hoje uma refer\u00eancia em vendas no atacado para milhares de pessoas vindas das mais diferentes regi\u00f5es do Brasil.<\/p>\n<p><img loading=\"lazy\" decoding=\"async\" class=\"alignnone wp-image-1702 size-full\" title=\"Shopping Mega Moda Goi\u00e2nia\" src=\"http:\/\/www.encontragoiania.com.br\/sobre\/wp-content\/uploads\/2018\/08\/shoppig-mega-moda-goiania.gif\" alt=\"Shopping Mega Moda Goi\u00e2nia\" width=\"680\" height=\"189\" \/><\/p>\n<p>Al\u00e9m disso, conta com o Mega Moda Hotel, o maior de Goi\u00e2nia, inaugurado em 2015, com 270 apartamentos entre duplos e triplos, pre\u00e7os competitivos e estrutura moderna. \u201cTudo isso nos ajuda a atrair cada vez mais clientes\u201d, conta Chrystiano C\u00e2mara, Superintendente do empreendimento.<\/p>\n<p>Outro diferencial \u00e9 o Mini Moda, um espa\u00e7o especializado no segmento infanto-juvenil e que assim como o Mega Moda, atrai compradores atacadistas de todos os Estados do Brasil.<\/p>\n<p>A regi\u00e3o onde o shopping est\u00e1 localizado, no quarteir\u00e3o entre a Rua 44 e a Avenida Contorno, \u00e9 conhecida por ser especializada no atacado de moda, al\u00e9m da excelente localiza\u00e7\u00e3o, pr\u00f3xima \u00e0 Rodovi\u00e1ria e do Aeroporto.<\/p>\n<h3>Hor\u00e1rio de Funcionamento Shopping Mega Moda em Goi\u00e2nia<\/h3>\n<ul>\n<li>Segunda a Sexta das 08h \u00e0s 18h \/ S\u00e1bado das 06h \u00e0s 19h<\/li>\n<\/ul>\n<h3>Endere\u00e7o e Telefone Shopping Mega Moda em Goi\u00e2nia<\/h3>\n<ul>\n<li>Av. Contorno, 165 &#8211; Setor Norte Ferrovi\u00e1rio &#8211; Goi\u00e2nia &#8211; GO<\/li>\n<li>Telefone: (62) 3217-7916<\/li>\n<\/ul>\n<h4>Outras informa\u00e7\u00f5es e site<\/h4>\n<ul>\n<li>Mais informa\u00e7\u00f5es:\u00a0<a href=\"http:\/\/www.megamoda.com.br\/\" target=\"_blank\" rel=\"noopener noreferrer\">www.megamoda.com.br<\/a><\/li>\n<\/ul>\n<h4>Mapa de localiza\u00e7\u00e3o<\/h4>\n<a class=\"wp-colorbox-iframe\" href=\"https:\/\/www.google.com\/maps\/embed?pb=!1m14!1m8!1m3!1d15289.328139656513!2d-49.2558928!3d-16.66026!3m2!1i1024!2i768!4f13.1!3m3!1m2!1s0x00x947b69ed5758a837!2sMega+Moda!5e0!3m2!1spt-BR!2sbr!4v1533392201174\"><img decoding=\"async\" src=\"http:\/\/www.encontragoiania.com.br\/imgs\/maps-post.png\"><\/a>\n\n<div style=\"font-size: 0px; height: 0px; line-height: 0px; margin: 0; padding: 0; clear: both;\"><\/div>","protected":false},"excerpt":{"rendered":"<p>Fundado em 2011, o Mega Moda Goi\u00e2nia se tornou em pouco tempo, o maior shopping atacadista de moda do pa\u00eds, recebendo em m\u00e9dia 600 mil pessoas por m\u00eas de todas as regi\u00f5es do Brasil e inclusive, pa\u00edses vizinhos.\u00a0Com 24.000m\u00b2, 1.300 lojas, conforto, climatiza\u00e7\u00e3o, pra\u00e7as de alimenta\u00e7\u00e3o, acessibilidade total, estacionamento exclusivo para 60 \u00f4nibus, estacionamento para carros com 700 vagas, ambiente para motoristas, seguran\u00e7a e limpeza especializados, banheiros espa\u00e7osos, elevadores, esteira rolante, internet Wi-Fi, pra\u00e7a para eventos, ambulat\u00f3rio, o empreendimento se tornou hoje uma refer\u00eancia em vendas no atacado para milhares de pessoas vindas das mais diferentes regi\u00f5es do Brasil. Al\u00e9m <\/p>\n","protected":false},"author":1,"featured_media":0,"parent":0,"menu_order":0,"comment_status":"closed","ping_status":"closed","template":"","meta":{"footnotes":""},"class_list":["post-1700","page","type-page","status-publish","hentry"],"aioseo_notices":[],"_links":{"self":[{"href":"https:\/\/www.encontragoiania.com.br\/sobre\/wp-json\/wp\/v2\/pages\/1700","targetHints":{"allow":["GET"]}}],"collection":[{"href":"https:\/\/www.encontragoiania.com.br\/sobre\/wp-json\/wp\/v2\/pages"}],"about":[{"href":"https:\/\/www.encontragoiania.com.br\/sobre\/wp-json\/wp\/v2\/types\/page"}],"author":[{"embeddable":true,"href":"https:\/\/www.encontragoiania.com.br\/sobre\/wp-json\/wp\/v2\/users\/1"}],"replies":[{"embeddable":true,"href":"https:\/\/www.encontragoiania.com.br\/sobre\/wp-json\/wp\/v2\/comments?post=1700"}],"version-history":[{"count":0,"href":"https:\/\/www.encontragoiania.com.br\/sobre\/wp-json\/wp\/v2\/pages\/1700\/revisions"}],"wp:attachment":[{"href":"https:\/\/www.encontragoiania.com.br\/sobre\/wp-json\/wp\/v2\/media?parent=1700"}],"curies":[{"name":"wp","href":"https:\/\/api.w.org\/{rel}","templated":true}]}}