{"id":1672,"date":"2018-08-03T13:00:29","date_gmt":"2018-08-03T16:00:29","guid":{"rendered":"http:\/\/www.encontragoiania.com.br\/sobre\/?page_id=1672"},"modified":"2018-08-03T13:01:23","modified_gmt":"2018-08-03T16:01:23","slug":"senac-goiania","status":"publish","type":"page","link":"https:\/\/www.encontragoiania.com.br\/sobre\/senac-goiania\/","title":{"rendered":"Senac Goi\u00e2nia"},"content":{"rendered":"<div class=\"196752fdcd61442359b13893514e4d90\" data-index=\"1\" style=\"float: none; margin:0px;\">\n<!-- Anuncio display - global -->\r\n<ins class=\"adsbygoogle\"\r\n     style=\"display:block\"\r\n     data-ad-client=\"ca-pub-8585364105181520\"\r\n     data-ad-slot=\"8789329856\"\r\n     data-ad-format=\"auto\"\r\n     data-full-width-responsive=\"true\"><\/ins>\r\n<script>\r\n     (adsbygoogle = window.adsbygoogle || []).push({});\r\n<\/script>\n<\/div>\n<p style=\"font-weight: 400;\">O Senac em Goi\u00e1s desenvolve suas a\u00e7\u00f5es desde 18 de setembro de 1947. Desde a sua cria\u00e7\u00e3o, a institui\u00e7\u00e3o disponibiliza uma programa\u00e7\u00e3o de cursos com foco na capacita\u00e7\u00e3o e aperfei\u00e7oamento da popula\u00e7\u00e3o, aliada ao desenvolvimento do Estado, atrav\u00e9s da educa\u00e7\u00e3o profissional.<\/p>\n<p style=\"font-weight: 400;\">Em quase sete d\u00e9cadas dedicadas \u00e0 educa\u00e7\u00e3o, o <strong>Senac Goi\u00e2nia<\/strong> tem orgulho de ter atendido a popula\u00e7\u00e3o goiana em diversas modalidades de cursos livres, t\u00e9cnicos, de extens\u00e3o, de gradua\u00e7\u00e3o e p\u00f3s-gradua\u00e7\u00e3o presencial e a dist\u00e2ncia. O Senac desenvolve tamb\u00e9m atendimento espec\u00edfico para empresas, o Atendimento Corporativo, com palestras, semin\u00e1rios, workshops, oficinas customizadas, conforme a necessidade e particularidade de cada organiza\u00e7\u00e3o.<\/p>\n<p><img loading=\"lazy\" decoding=\"async\" class=\"alignnone wp-image-2773 size-full\" title=\"Senac Goi\u00e2nia\" src=\"http:\/\/www.encontrapiracicaba.com.br\/sobre\/wp-content\/uploads\/senac-piracicaba.jpg\" sizes=\"auto, (max-width: 680px) 100vw, 680px\" srcset=\"http:\/\/www.encontrapiracicaba.com.br\/sobre\/wp-content\/uploads\/senac-piracicaba.jpg 680w, http:\/\/www.encontrapiracicaba.com.br\/sobre\/wp-content\/uploads\/senac-piracicaba-300x83.jpg 300w\" alt=\"Senac Goi\u00e2nia\" width=\"680\" height=\"189\" \/><\/p>\n<h2>Cursos Senac Goi\u00e2nia<\/h2>\n<p>O Senac preparou mais de 40 milh\u00f5es de pessoas para o setor de Com\u00e9rcio e Servi\u00e7os, contribuindo para a valoriza\u00e7\u00e3o do trabalhador, por meio de sua capacita\u00e7\u00e3o profissional com uma vasta op\u00e7\u00e3o de cursos em doze \u00e1reas de forma\u00e7\u00e3o, incluindo cursos de idiomas.<\/p>\n<p>O Senac Goi\u00e2nia Oferece\u00a0<em>cursos<\/em>\u00a0na \u00e1rea de beleza, sa\u00fade, inform\u00e1tica, idiomas e restaurante escola.<\/p>\n<h3>Senac Goi\u00e2nia Cursos Gratuitos<\/h3>\n<p>Por meio do\u00a0<em>Programa Senac de Gratuidade (PSG)<\/em>\u00a0voc\u00ea tem acesso a diversos cursos a dist\u00e2ncia para ganhar novos conhecimentos e conquistar mais espa\u00e7o no mercado de trabalho. O PSG destina-se a pessoas com renda familiar mensal per capita que n\u00e3o ultrapasse 2 sal\u00e1rios m\u00ednimos federais.<\/p>\n<p>Antes de efetuar a inscri\u00e7\u00e3o, o candidato dever\u00e1 tomar conhecimento das informa\u00e7\u00f5es dispon\u00edveis na guia \u201cPr\u00e9-requisitos\u201d de cada curso e certificar-se de que atende a todos os crit\u00e9rios exigidos. As vagas est\u00e3o sujeitas \u00e0 disponibilidade nos estados.<\/p>\n<h3>Vagas Senac Goi\u00e2nia \u2013 Trabalhe Conosco<\/h3>\n<p>Voc\u00ea pode se candidatar a uma vaga de trabalho no Senac Goi\u00e2nia acessando o Banco de Talentos da institui\u00e7\u00e3o.<\/p>\n<p>No pr\u00f3prio site \u00e9 poss\u00edvel consultar as vagas dispon\u00edveis, o per\u00edodo de inscri\u00e7\u00e3o e requisitos para preencher a vaga. Voc\u00ea poder\u00e1 se candidatar a vaga preenchendo o formul\u00e1rio pelo pr\u00f3prio site.<\/p>\n<h3>Hor\u00e1rio de Funcionamento Senac Goi\u00e2nia<\/h3>\n<ul>\n<li>Segunda a Sexta das 07h30 \u00e0s 21h e S\u00e1bado das 08h \u00e0s 13h<\/li>\n<\/ul>\n<h3>Endere\u00e7o e Telefone Senac Goi\u00e2nia<\/h3>\n<ul>\n<li><strong>Aeroporto:<\/strong> R. 31-A, 43 &#8211;\u00a0Telefone: (62) 3219-5180<\/li>\n<li><strong>Setor Leste:\u00a0<\/strong>Av. Independ\u00eancia, 1002 &#8211; Telefone:\u00a0(62) 3524-4800<\/li>\n<li><strong>Vila Reden\u00e7\u00e3o:\u00a0<\/strong>R. 1069, 135 &#8211; Telefone:\u00a0(62) 3219-5180<\/li>\n<li><strong>Santa Genoveva:\u00a0<\/strong>Av. Caip\u00f3, Qd. 89, Lts. 41 a 49 &#8211; Telefone:\u00a0(62) 3219-5180<\/li>\n<\/ul>\n<h4>Outras informa\u00e7\u00f5es e site<\/h4>\n<ul>\n<li>Mais informa\u00e7\u00f5es:\u00a0<a href=\"https:\/\/www.go.senac.br\/portal\/\" target=\"_blank\" rel=\"noopener noreferrer\">www.go.senac.br<\/a><\/li>\n<\/ul>\n<h4>Mapa de localiza\u00e7\u00e3o Aeroporto<\/h4>\n<a class=\"wp-colorbox-iframe\" href=\"https:\/\/www.google.com\/maps\/embed?pb=!1m18!1m12!1m3!1d3822.04474939265!2d-49.27461788513342!3d-16.67464398850942!2m3!1f0!2f0!3f0!3m2!1i1024!2i768!4f13.1!3m3!1m2!1s0x935ef3e31420852f0xff65d47733faedad!2sR.+31-A+43+-+St.+Aeroporto+Goinia+-+GO+74075-470!5e0!3m2!1spt-BR!2sbr!4v1533298471140\"><img decoding=\"async\" src=\"http:\/\/www.encontragoiania.com.br\/imgs\/maps-post.png\"><\/a>\n\n<div style=\"font-size: 0px; height: 0px; line-height: 0px; margin: 0; padding: 0; clear: both;\"><\/div>","protected":false},"excerpt":{"rendered":"<p>O Senac em Goi\u00e1s desenvolve suas a\u00e7\u00f5es desde 18 de setembro de 1947. Desde a sua cria\u00e7\u00e3o, a institui\u00e7\u00e3o disponibiliza uma programa\u00e7\u00e3o de cursos com foco na capacita\u00e7\u00e3o e aperfei\u00e7oamento da popula\u00e7\u00e3o, aliada ao desenvolvimento do Estado, atrav\u00e9s da educa\u00e7\u00e3o profissional. Em quase sete d\u00e9cadas dedicadas \u00e0 educa\u00e7\u00e3o, o Senac Goi\u00e2nia tem orgulho de ter atendido a popula\u00e7\u00e3o goiana em diversas modalidades de cursos livres, t\u00e9cnicos, de extens\u00e3o, de gradua\u00e7\u00e3o e p\u00f3s-gradua\u00e7\u00e3o presencial e a dist\u00e2ncia. O Senac desenvolve tamb\u00e9m atendimento espec\u00edfico para empresas, o Atendimento Corporativo, com palestras, semin\u00e1rios, workshops, oficinas customizadas, conforme a necessidade e particularidade de cada <\/p>\n","protected":false},"author":1,"featured_media":0,"parent":0,"menu_order":0,"comment_status":"closed","ping_status":"closed","template":"","meta":{"footnotes":""},"class_list":["post-1672","page","type-page","status-publish","hentry"],"aioseo_notices":[],"_links":{"self":[{"href":"https:\/\/www.encontragoiania.com.br\/sobre\/wp-json\/wp\/v2\/pages\/1672","targetHints":{"allow":["GET"]}}],"collection":[{"href":"https:\/\/www.encontragoiania.com.br\/sobre\/wp-json\/wp\/v2\/pages"}],"about":[{"href":"https:\/\/www.encontragoiania.com.br\/sobre\/wp-json\/wp\/v2\/types\/page"}],"author":[{"embeddable":true,"href":"https:\/\/www.encontragoiania.com.br\/sobre\/wp-json\/wp\/v2\/users\/1"}],"replies":[{"embeddable":true,"href":"https:\/\/www.encontragoiania.com.br\/sobre\/wp-json\/wp\/v2\/comments?post=1672"}],"version-history":[{"count":0,"href":"https:\/\/www.encontragoiania.com.br\/sobre\/wp-json\/wp\/v2\/pages\/1672\/revisions"}],"wp:attachment":[{"href":"https:\/\/www.encontragoiania.com.br\/sobre\/wp-json\/wp\/v2\/media?parent=1672"}],"curies":[{"name":"wp","href":"https:\/\/api.w.org\/{rel}","templated":true}]}}