{"id":1337,"date":"2018-06-21T07:38:25","date_gmt":"2018-06-21T10:38:25","guid":{"rendered":"http:\/\/www.encontragoiania.com.br\/sobre\/?page_id=1337"},"modified":"2018-06-21T07:40:18","modified_gmt":"2018-06-21T10:40:18","slug":"araguaia-shopping-goiania","status":"publish","type":"page","link":"https:\/\/www.encontragoiania.com.br\/sobre\/araguaia-shopping-goiania\/","title":{"rendered":"Araguaia Shopping Goi\u00e2nia"},"content":{"rendered":"<div class=\"196752fdcd61442359b13893514e4d90\" data-index=\"1\" style=\"float: none; margin:0px;\">\n<!-- Anuncio display - global -->\r\n<ins class=\"adsbygoogle\"\r\n     style=\"display:block\"\r\n     data-ad-client=\"ca-pub-8585364105181520\"\r\n     data-ad-slot=\"8789329856\"\r\n     data-ad-format=\"auto\"\r\n     data-full-width-responsive=\"true\"><\/ins>\r\n<script>\r\n     (adsbygoogle = window.adsbygoogle || []).push({});\r\n<\/script>\n<\/div>\n<div class=\"top titulo\">\n<p class=\"c4\">Hoje, ap\u00f3s 16 anos de sua inaugura\u00e7\u00e3o,\u00a0o\u00a0<strong>Araguaia Shopping Goi\u00e2nia<\/strong> se encontra no centro do maior polo atacadista do Centro-Oeste e do pa\u00eds, com total de 18.950,00 m\u00b2 de \u00c1rea Bruta Loc\u00e1vel (ABL), contando com 1.180 vagas de estacionamento. O Rio Araguaia, \u00edcone da cultura goiana, inspirou o nome do Shopping, por serem ambientes cheios de vibra\u00e7\u00f5es, boas energias e alegria.<\/p>\n<\/div>\n<div class=\"bottom scroll\">\n<p>Ele \u00e9 composto por 127 opera\u00e7\u00f5es (lojas, servi\u00e7os, quiosques), sendo 4 \u00e2ncoras: Lojas Avenida, Lojas Americanas, Polo Wear Outlet e Nike Clearance Store. Conta tamb\u00e9m com 5 salas de cinema, Lot\u00e9rica, Correios e Vapt-Vupt.<\/p>\n<\/div>\n<p><img loading=\"lazy\" decoding=\"async\" class=\"alignnone wp-image-1339 size-full\" title=\"Araguaia Shopping Goi\u00e2nia\" src=\"http:\/\/www.encontragoiania.com.br\/sobre\/wp-content\/uploads\/2018\/06\/araguaia-shopping-goiania.gif\" alt=\"Araguaia Shopping Goi\u00e2nia\" width=\"680\" height=\"189\" \/><\/p>\n<p>O Araguaia Shopping \u00e9 pioneiro em suas atividades, sendo o \u00fanico no Brasil que tem integra\u00e7\u00e3o de um Terminal Rodovi\u00e1rio Interestadual e Intermunicipal com suas outras opera\u00e7\u00f5es.\u00a0Todas essas opera\u00e7\u00f5es e servi\u00e7os, juntos, garantem um fluxo intenso de pessoas durante todo o ano, aumentando significativamente seu fluxo habitual nos feriados e datas comemorativas.\u00a0Por m\u00eas mais de 1,2 milh\u00e3o de pessoas do pa\u00eds inteiro passam por nossas depend\u00eancias.<\/p>\n<h3>Araguaia Shopping Lojas<\/h3>\n<p>O Araguaia Shopping \u00e9 o maior empreendimento de uso misto de Curitiba. Com um mix de lojas completo, o empreendimento conta com mais de\u00a0100 lojas. Para conferir todas as\u00a0<em>lojas do shopping<\/em>\u00a0voc\u00ea pode acessar o site (logo abaixo).<\/p>\n<h3>Araguaia\u00a0Shopping Goi\u00e2nia Pre\u00e7o do Cinema<\/h3>\n<p>Os <em>pre\u00e7os<\/em> variam de acordo com\u00a0as sess\u00f5es e tipo de salas escolhidos. Acesse o site e confira os valores.<\/p>\n<h3>Hor\u00e1rio de Funcionamento\u00a0Araguaia Shopping em Goi\u00e2nia<\/h3>\n<ul>\n<li>Segunda a S\u00e1bado das 08h30 \u00e0s 20h30 \/ Domingo das 08h30 \u00e0s 16h<\/li>\n<\/ul>\n<h3>Endere\u00e7o e Telefone\u00a0Araguaia Shopping em Goi\u00e2nia<\/h3>\n<ul>\n<li>R. 44, 399 &#8211; St. Central &#8211; Goi\u00e2nia &#8211; GO<\/li>\n<li>Telefone: (62) 3922-2040<\/li>\n<\/ul>\n<h4>Outras informa\u00e7\u00f5es e site<\/h4>\n<ul>\n<li>Mais informa\u00e7\u00f5es:\u00a0<a href=\"http:\/\/www.araguaiashopping.com.br\/\" target=\"_blank\" rel=\"noopener noreferrer\">www.araguaiashopping.com.br<\/a><\/li>\n<\/ul>\n<h4>Mapa de localiza\u00e7\u00e3o<\/h4>\n<a class=\"wp-colorbox-iframe\" href=\"https:\/\/www.google.com\/maps\/embed?pb=!1m14!1m8!1m3!1d15289.397932781565!2d-49.259642!3d-16.659386!3m2!1i1024!2i768!4f13.1!3m3!1m2!1s0x00x8820e9d1bcf9a7b0!2sAraguaia+Shopping!5e0!3m2!1spt-BR!2sbr!4v1529577277432\"><img decoding=\"async\" src=\"http:\/\/www.encontragoiania.com.br\/imgs\/maps-post.png\"><\/a>\n\n<div style=\"font-size: 0px; height: 0px; line-height: 0px; margin: 0; padding: 0; clear: both;\"><\/div>","protected":false},"excerpt":{"rendered":"<p>Hoje, ap\u00f3s 16 anos de sua inaugura\u00e7\u00e3o,\u00a0o\u00a0Araguaia Shopping Goi\u00e2nia se encontra no centro do maior polo atacadista do Centro-Oeste e do pa\u00eds, com total de 18.950,00 m\u00b2 de \u00c1rea Bruta Loc\u00e1vel (ABL), contando com 1.180 vagas de estacionamento. O Rio Araguaia, \u00edcone da cultura goiana, inspirou o nome do Shopping, por serem ambientes cheios de vibra\u00e7\u00f5es, boas energias e alegria. Ele \u00e9 composto por 127 opera\u00e7\u00f5es (lojas, servi\u00e7os, quiosques), sendo 4 \u00e2ncoras: Lojas Avenida, Lojas Americanas, Polo Wear Outlet e Nike Clearance Store. Conta tamb\u00e9m com 5 salas de cinema, Lot\u00e9rica, Correios e Vapt-Vupt. O Araguaia Shopping \u00e9 pioneiro em <\/p>\n","protected":false},"author":1,"featured_media":0,"parent":0,"menu_order":0,"comment_status":"closed","ping_status":"closed","template":"","meta":{"footnotes":""},"class_list":["post-1337","page","type-page","status-publish","hentry"],"aioseo_notices":[],"_links":{"self":[{"href":"https:\/\/www.encontragoiania.com.br\/sobre\/wp-json\/wp\/v2\/pages\/1337","targetHints":{"allow":["GET"]}}],"collection":[{"href":"https:\/\/www.encontragoiania.com.br\/sobre\/wp-json\/wp\/v2\/pages"}],"about":[{"href":"https:\/\/www.encontragoiania.com.br\/sobre\/wp-json\/wp\/v2\/types\/page"}],"author":[{"embeddable":true,"href":"https:\/\/www.encontragoiania.com.br\/sobre\/wp-json\/wp\/v2\/users\/1"}],"replies":[{"embeddable":true,"href":"https:\/\/www.encontragoiania.com.br\/sobre\/wp-json\/wp\/v2\/comments?post=1337"}],"version-history":[{"count":0,"href":"https:\/\/www.encontragoiania.com.br\/sobre\/wp-json\/wp\/v2\/pages\/1337\/revisions"}],"wp:attachment":[{"href":"https:\/\/www.encontragoiania.com.br\/sobre\/wp-json\/wp\/v2\/media?parent=1337"}],"curies":[{"name":"wp","href":"https:\/\/api.w.org\/{rel}","templated":true}]}}