{"id":1145,"date":"2018-05-16T10:37:23","date_gmt":"2018-05-16T13:37:23","guid":{"rendered":"http:\/\/www.encontragoiania.com.br\/sobre\/?page_id=1145"},"modified":"2018-12-31T05:15:54","modified_gmt":"2018-12-31T07:15:54","slug":"senai-goiania","status":"publish","type":"page","link":"https:\/\/www.encontragoiania.com.br\/sobre\/senai-goiania\/","title":{"rendered":"Senai Goi\u00e2nia"},"content":{"rendered":"<div class=\"196752fdcd61442359b13893514e4d90\" data-index=\"1\" style=\"float: none; margin:0px;\">\n<!-- Anuncio display - global -->\r\n<ins class=\"adsbygoogle\"\r\n     style=\"display:block\"\r\n     data-ad-client=\"ca-pub-8585364105181520\"\r\n     data-ad-slot=\"8789329856\"\r\n     data-ad-format=\"auto\"\r\n     data-full-width-responsive=\"true\"><\/ins>\r\n<script>\r\n     (adsbygoogle = window.adsbygoogle || []).push({});\r\n<\/script>\n<\/div>\n<p>O SENAI chegou a Goi\u00e1s em 1952, quando foi instalada, subordinada \u00e0 Delegacia Regional de S\u00e3o Paulo, a Escola Senai GO 1 ministrava apenas os of\u00edcios de ajustagem, torneiro mec\u00e2nico, ferraria, eletricidade e carpintaria de esquadria.<\/p>\n<p>Atualmente, o <strong>Senai Goi\u00e2nia<\/strong> oferece forma\u00e7\u00e3o profissional em diversos cursos ministrados nas modalidades de aprendizagem industrial, habilita\u00e7\u00e3o t\u00e9cnica, gradua\u00e7\u00e3o tecnol\u00f3gica, p\u00f3s-gradua\u00e7\u00e3o, inicia\u00e7\u00e3o, qualifica\u00e7\u00e3o e aperfei\u00e7oamento profissional, al\u00e9m de prestar servi\u00e7os de assessoria t\u00e9cnica e tecnol\u00f3gica em diversas \u00e1reas.<\/p>\n<p><img loading=\"lazy\" decoding=\"async\" class=\"alignnone wp-image-2495 size-full\" title=\"Senai Goi\u00e2nia\" src=\"https:\/\/www.encontragoiania.com.br\/sobre\/wp-content\/uploads\/2018\/05\/senai-goi-1.png\" alt=\"Senai Goi\u00e2nia\" width=\"753\" height=\"212\" srcset=\"https:\/\/www.encontragoiania.com.br\/sobre\/wp-content\/uploads\/2018\/05\/senai-goi-1.png 753w, https:\/\/www.encontragoiania.com.br\/sobre\/wp-content\/uploads\/2018\/05\/senai-goi-1-300x84.png 300w\" sizes=\"auto, (max-width: 753px) 100vw, 753px\" \/><\/p>\n<p>Integrante do Sistema Federa\u00e7\u00e3o das Ind\u00fastrias do Estado de Goi\u00e1s (FIEG), o Senai tem acompanhado o avan\u00e7o do segmento industrial, com investimentos permanentes na melhoria e atualiza\u00e7\u00e3o de seus recursos humanos e ambientes de ensino, buscando na inova\u00e7\u00e3o tecnol\u00f3gica uma maneira de contribuir com a competitividade da ind\u00fastria e o desenvolvimento do Estado.<\/p>\n<h2>Senai\u00a0Goi\u00e2nia Cursos<\/h2>\n<p>O Senai oferece <em>cursos<\/em> nas \u00e1reas:<\/p>\n<ul>\n<li>Alimentos e bebidas<\/li>\n<li>Automa\u00e7\u00e3o e mecatr\u00f4nica<\/li>\n<li>Automotivo<\/li>\n<li>Contru\u00e7\u00e3o<\/li>\n<li>Constru\u00e7\u00e3o Civil<\/li>\n<li>Couro e cal\u00e7ados<\/li>\n<li>Eletroeletr\u00f4nica<\/li>\n<li>Energia<\/li>\n<li>Gest\u00e3o<\/li>\n<li>Gr\u00e1fica e editorial<\/li>\n<li>Log\u00edstica<\/li>\n<li>Madeira e mobili\u00e1rio<\/li>\n<li>Metalmec\u00e2nica<\/li>\n<li>Metrologia<\/li>\n<li>Seguran\u00e7a no Trabalho<\/li>\n<li>Tecnologia da informa\u00e7\u00e3o<\/li>\n<li>T\u00eaxtil e vestu\u00e1rio<\/li>\n<li>Vestu\u00e1rio e confec\u00e7\u00e3o<\/li>\n<\/ul>\n<h3>Cursos Gratuitos Senai\u00a0Goi\u00e2nia<\/h3>\n<p>O Senai\u00a0Goi\u00e2nia\u00a0oferece aos interessados\u00a0bolsas de estudos. S\u00e3o elas: parciais ou integrais nos cursos de:<\/p>\n<ol>\n<li>Nos cursos de Aprendizagem Industrial e T\u00e9cnico, as bolsas s\u00e3o sempre integrais.<\/li>\n<li>No Curso Superior (Gradua\u00e7\u00e3o), podem ser concedidas bolsas parciais.<\/li>\n<li>Em cursos livres com mais de 160 horas, podem ser concedidas bolsas integrais.<\/li>\n<\/ol>\n<section id=\"requisitos\"><strong>Para se inscrever, \u00e9 preciso:<\/strong><\/p>\n<ul>\n<li>Ter 18 anos ou mais, na data de in\u00edcio do curso;<\/li>\n<li>N\u00e3o ser bolsista em outro curso no SENAI-SP;<\/li>\n<li>Atender aos requisitos para ingresso no curso escolhido.<\/li>\n<\/ul>\n<header>Ap\u00f3s a inscri\u00e7\u00e3o dos candidatos, caso o n\u00famero de inscritos supere o total de vagas, haver\u00e1 classifica\u00e7\u00e3o com base em:<\/p>\n<ul>\n<li>Situa\u00e7\u00e3o de emprego, em que ter\u00e1 prioridade o candidato desempregado;<\/li>\n<li>Grau de escolaridade, em que ter\u00e1 prioridade quem cursou, no m\u00e1ximo, o ensino m\u00e9dio. A prefer\u00eancia \u00e9 ter conclu\u00eddo o ensino m\u00e9dio, em seguida quem est\u00e1 cursando o ensino m\u00e9dio, at\u00e9 chegar \u00e0 escolaridade m\u00ednima prevista como requisito para realizar o curso;<\/li>\n<li>Renda, em que ter\u00e1 prioridade os de menor renda per capita. A renda per capita \u00e9 calculada a partir dos rendimentos e do n\u00famero de pessoas da fam\u00edlia, que moram com o candidato;<\/li>\n<\/ul>\n<\/header>\n<\/section>\n<h3>Hor\u00e1rio de Funcionamento Senai em\u00a0Goi\u00e2nia<\/h3>\n<ul>\n<li>Segunda a Sexta: das 08h \u00e0s 20h \/ S\u00e1bado: das 8h \u00e0s 12h.<\/li>\n<\/ul>\n<h3>Endere\u00e7o e Telefone Senai em\u00a0Goi\u00e2nia<\/h3>\n<ul>\n<li>Rua 0227a, 420 &#8211; Vila Finsocial &#8211; Goi\u00e2nia &#8211; GO<\/li>\n<li>Telefone: (62) 3088-2451<\/li>\n<\/ul>\n<h4>Outras informa\u00e7\u00f5es e site<\/h4>\n<ul>\n<li>Mais informa\u00e7\u00f5es:\u00a0<a href=\"https:\/\/www.senaigo.com.br\/home\" target=\"_blank\" rel=\"noopener noreferrer\">www.senaigo.com.br<\/a><\/li>\n<\/ul>\n<h4>Mapa de localiza\u00e7\u00e3o<\/h4>\n<a class=\"wp-colorbox-iframe\" href=\"https:\/\/www.google.com\/maps\/embed?pb=!1m18!1m12!1m3!1d3823.1065670485577!2d-49.31887988513423!3d-16.621419988541867!2m3!1f0!2f0!3f0!3m2!1i1024!2i768!4f13.1!3m3!1m2!1s0x935ef4dbbfffffff0x523336cdd2ad07fa!2sSENAI+Servio+Nacional+de+Aprendizagem+Industrial!5e0!3m2!1spt-BR!2sbr!4v1526477780452\"><img decoding=\"async\" src=\"http:\/\/www.encontragoiania.com.br\/imgs\/maps-post.png\"><\/a>\n\n<div style=\"font-size: 0px; height: 0px; line-height: 0px; margin: 0; padding: 0; clear: both;\"><\/div>","protected":false},"excerpt":{"rendered":"<p>O SENAI chegou a Goi\u00e1s em 1952, quando foi instalada, subordinada \u00e0 Delegacia Regional de S\u00e3o Paulo, a Escola Senai GO 1 ministrava apenas os of\u00edcios de ajustagem, torneiro mec\u00e2nico, ferraria, eletricidade e carpintaria de esquadria. Atualmente, o Senai Goi\u00e2nia oferece forma\u00e7\u00e3o profissional em diversos cursos ministrados nas modalidades de aprendizagem industrial, habilita\u00e7\u00e3o t\u00e9cnica, gradua\u00e7\u00e3o tecnol\u00f3gica, p\u00f3s-gradua\u00e7\u00e3o, inicia\u00e7\u00e3o, qualifica\u00e7\u00e3o e aperfei\u00e7oamento profissional, al\u00e9m de prestar servi\u00e7os de assessoria t\u00e9cnica e tecnol\u00f3gica em diversas \u00e1reas. Integrante do Sistema Federa\u00e7\u00e3o das Ind\u00fastrias do Estado de Goi\u00e1s (FIEG), o Senai tem acompanhado o avan\u00e7o do segmento industrial, com investimentos permanentes na melhoria e <\/p>\n","protected":false},"author":1,"featured_media":0,"parent":0,"menu_order":0,"comment_status":"closed","ping_status":"closed","template":"","meta":{"footnotes":""},"class_list":["post-1145","page","type-page","status-publish","hentry"],"aioseo_notices":[],"_links":{"self":[{"href":"https:\/\/www.encontragoiania.com.br\/sobre\/wp-json\/wp\/v2\/pages\/1145","targetHints":{"allow":["GET"]}}],"collection":[{"href":"https:\/\/www.encontragoiania.com.br\/sobre\/wp-json\/wp\/v2\/pages"}],"about":[{"href":"https:\/\/www.encontragoiania.com.br\/sobre\/wp-json\/wp\/v2\/types\/page"}],"author":[{"embeddable":true,"href":"https:\/\/www.encontragoiania.com.br\/sobre\/wp-json\/wp\/v2\/users\/1"}],"replies":[{"embeddable":true,"href":"https:\/\/www.encontragoiania.com.br\/sobre\/wp-json\/wp\/v2\/comments?post=1145"}],"version-history":[{"count":0,"href":"https:\/\/www.encontragoiania.com.br\/sobre\/wp-json\/wp\/v2\/pages\/1145\/revisions"}],"wp:attachment":[{"href":"https:\/\/www.encontragoiania.com.br\/sobre\/wp-json\/wp\/v2\/media?parent=1145"}],"curies":[{"name":"wp","href":"https:\/\/api.w.org\/{rel}","templated":true}]}}